ppose -h = -r*h. Suppose h = j - 5 - 9. What is the remainder when j is divided by 4?
2
Let b = -2 + 3. Let h(o) = -87*o - 413. What is the remainder when h(-5) is divided by (b - -1)*4/1?
6
Let v(n) = -10*n - 67. Calculate the remainder when v(-8) is divided by 6.
1
Let b(z) = -4*z + 3. Suppose -3*m + 32 + 31 = 0. Suppose m = -5*p + 4*r + 141, -117 = -4*p - r. Calculate the remainder when p is divided by b(-3).
13
Suppose -26 = -2*u - 0*u. Let y = 36 - u. What is the remainder when 44 is divided by y?
21
Let t be (-3 - -5)/(2/4). Suppose i - 30 = -t*i. Let q = 0 - -2. Calculate the remainder when i is divided by q.
0
Suppose 2*r = x + 111, -5*r = 5*x + 61 - 301. Calculate the remainder when 103 is divided by r.
50
Suppose 3*b - 25 = -5*r, -2*b + 4*r = 3*r - 8. What is the remainder when 8 is divided by b?
3
Let j = 7 + -20. Let h = -8 - j. Calculate the remainder when 14 is divided by h.
4
Let m = 26 + -16. Calculate the remainder when 8/20 - (-266)/m is divided by 15.
12
Calculate the remainder when 74 - 6 - (-2)/1 is divided by 18.
16
Let i be 237/6 + 1/2. Suppose 2*j - j = -20. Let q = j + i. Calculate the remainder when q is divided by 11.
9
Let k = 2 - -9. What is the remainder when k is divided by 4?
3
Let b(i) = -i**3 - 4*i**2 - 4*i - 1. Let n be b(-4). Suppose 0 = c - 4 - n. Calculate the remainder when (-1 - -1) + 57 + -1 is divided by c.
18
Let l = 2 + -17. Let t = -95 + 142. What is the remainder when t is divided by (6/l)/((-3)/90)?
11
Suppose 3*w - 3*b = 3, 5*w - 3*w + 5*b - 30 = 0. Calculate the remainder when 7 is divided by w.
2
Let k(w) = 5*w**3 - 7*w**2 + 2*w - 7. Let s(o) = -2*o**3 + 4*o**2 - o + 4. Let l(r) = 3*k(r) + 5*s(r). Calculate the remainder when 5 is divided by l(1).
1
Suppose 8 - 3 = m. Suppose -4*d + 5*y = -41, 53 = 4*d + y - 2*y. What is the remainder when d is divided by m?
4
Let w = -13 - -27. Suppose 2*d + w = 4*d. Let x = -2 - -21. Calculate the remainder when x is divided by d.
5
Suppose -40 = -5*r - 0. What is the remainder when 55 is divided by r?
7
Let d(r) = r**3 + 8*r**2 - 5*r - 10. What is the remainder when 57 is divided by d(-8)?
27
Let v(l) = l**2 - 4*l + 4. Let n be v(4). Let j be ((-6)/n)/((-5)/(-10)). What is the remainder when (64/(-6))/1*j is divided by 11?
10
Suppose 4*y = -4*p + 2*y + 94, -y + 21 = p. Let h(w) = -w - 14. Calculate the remainder when p is divided by h(-23).
8
Let w be (-6)/24 + (-290)/(-8). Let u be (w/10)/(-3)*5. Calculate the remainder when 3 - 1 - 1 - u is divided by 5.
2
Calculate the remainder when 47 is divided by (-465)/(-60) - 1/(-4).
7
Suppose 0 = -2*y + 4*z + 34, 84 = 5*y + 4*z - 43. What is the remainder when 43 is divided by y?
20
Let j(l) = l**2 + 12*l + 19. What is the remainder when j(-15) is divided by 13?
12
Let v be -3*(-2 + (-14)/(-6)). What is the remainder when v + -1 + 1 + 10 is divided by 3?
0
Suppose -3*p - 8 = -83. Calculate the remainder when 124 is divided by p.
24
Let o(n) = -2*n**3 - 3*n**2 - 10*n - 1. What is the remainder when o(-4) is divided by 11?
9
Suppose -25 = -3*q - 10. Suppose -q*s + 78 + 58 = 4*m, -5*m + 137 = -2*s. What is the remainder when m is divided by 15?
14
Suppose -5*p - 56 = -3*i, 3*i + 2*p - 66 - 4 = 0. Suppose 5*x - i = -2. Let c = -3 - -10. Calculate the remainder when c is divided by x.
3
Let n(a) = 51*a**2. Suppose 0 - 134 = -5*u + i, 3*i = -2*u + 57. Calculate the remainder when n(1) is divided by u.
24
Let c = 10 - 7. What is the remainder when 5 is divided by c?
2
Calculate the remainder when (-37)/(5 - 3 - 3) is divided by 8.
5
Let o(d) = 9*d**2 + d. Suppose 0 = -2*b + 5*i + 12, 2*b = -2*b + 3*i - 4. Calculate the remainder when o(-1) is divided by 2*2 + (-3 - b).
3
Let q(w) = 22*w**3 + 2*w**2 - 2*w + 1. Suppose 0 = m + 2*m - 3. Calculate the remainder when q(m) is divided by 8.
7
Suppose -5*m = -5*v - 10, -5*m + 0*m = -4*v - 9. Calculate the remainder when 42 - m*(-3 - 1) is divided by 8.
6
Suppose 0 = p - 3*s - 15, 4*p = 3*p + 4*s + 19. Suppose 4*z - 2*y - 50 = 0, 5*z + 0*z + y = 45. What is the remainder when z is divided by p?
1
Suppose 0 = -5*t + 247 + 58. Calculate the remainder when t is divided by 13.
9
Let j(t) = -t**2 + 13*t - 6. Suppose -p - 4*p = 215. Calculate the remainder when j(11) is divided by (-4)/(-10) + p/(-5).
7
Let d = 6 + 1. Suppose -2*b + 4 = 5*a, 5*a - 4*b - 25 = b. Let n = a + 11. What is the remainder when n is divided by d?
6
Suppose -5*c - y - 5 = -211, 0 = -3*y - 12. What is the remainder when c is divided by 22?
20
Let o(s) = -s**2 - s + 54. What is the remainder when 213 is divided by o(-6)?
21
Let f(y) = y**3 + 7*y**2 + y - 7. Let k be f(-5). Suppose -5*r = -k - 292. Calculate the remainder when r is divided by 23.
20
Let n be 1 - (-1 + 2 - -2). Let g(y) = -3*y**3 + 5*y + 3. What is the remainder when 49 is divided by g(n)?
15
Let i = 5 + -5. Suppose i = -2*f - 2*f + 92. What is the remainder when f is divided by 6?
5
Let t = 222 + -143. Suppose -173 = -4*v + 39. Let i = t - v. Calculate the remainder when i is divided by 9.
8
Let k(w) = -w + 16. Let y be k(5). Let q = y + 2. Calculate the remainder when 63 is divided by q.
11
Suppose 216*c - 217*c + 14 = 0. Let p = 153 - 84. Calculate the remainder when p is divided by c.
13
Suppose -3*v + 9 = -3*z, -3*v - 1 + 7 = -4*z. What is the remainder when 21 is divided by v + 7 - 2/1?
10
Let v = 26 - 12. Suppose -15 = -6*d + 147. What is the remainder when d is divided by v?
13
Let h(r) = 6*r - 3. Let z be h(1). Suppose -2*v - 2*y = y - 17, -y = -3*v + 9. What is the remainder when ((-7)/3)/((-1)/z) is divided by v?
3
Suppose 2*z + 2*p + 6 - 22 = 0, -4*z - 5*p + 35 = 0. Let s = 0 + z. Suppose -s*n + 2*b = 39 - 153, 9 = 3*b. Calculate the remainder when n is divided by 13.
11
Suppose 0 = -3*u - 7*u + 280. What is the remainder when 81 is divided by u?
25
Suppose -7*s + 2*s + 2*x = -154, 3*x - 105 = -3*s. Calculate the remainder when s is divided by 11/(-22)*4*(-34)/4.
15
Suppose j + 38 = 5*h + 2, 0 = -5*j - 5. Let g = h - 5. What is the remainder when 38 is divided by 28/g + -2 + 1?
12
Let r = 15 + 35. Calculate the remainder when r is divided by 13.
11
What is the remainder when 2/(3 + -1) - (-36 - -16) is divided by 8?
5
Suppose -11*m = -9*m + p - 518, p - 4 = 0. Calculate the remainder when m is divided by 26.
23
Let w(f) = 4*f**2. Let y be w(-1). Suppose 5*l - 41 = -4*u, 4*u - 20 = -y. Suppose 0 = -l*c + 64 + 16. Calculate the remainder when c is divided by 6.
4
Suppose 0 = -0*s - s + 51. Calculate the remainder when s is divided by 19.
13
Let t(x) = 16*x. Suppose q - 2 = -0. Suppose 2 = q*h - h. What is the remainder when t(h) is divided by 11?
10
Suppose 3*j - 64 = -j + 4*u, 5*j - 2*u - 65 = 0. Suppose -4*f = -18 - 106. Calculate the remainder when f is divided by j.
9
Let g(a) = -a**2 - 4*a + 5. Calculate the remainder when 12 is divided by g(-4).
2
Let i = 83 + -74. Calculate the remainder when 24 is divided by i.
6
Suppose 0 = 3*m - y - 36 - 11, -5*m + 5*y + 95 = 0. Suppose 0*q + m = q. What is the remainder when 26 is divided by q?
12
Suppose 0*z = 3*w - 4*z - 30, 2*w - 3*z - 19 = 0. Let n(o) = 19*o + 2. Calculate the remainder when n(2) is divided by w.
12
Suppose -4*b + 48 = -3*t, -10 = -2*b + t + 14. Calculate the remainder when b is divided by 3.
0
Suppose 126 = -4*y + 490. What is the remainder when y is divided by 24?
19
Suppose 2*q + 5*f - 174 - 43 = 0, -2*f - 499 = -5*q. Calculate the remainder when q is divided by 34.
33
Suppose -238 = -5*y - u + 470, 5*y = -5*u + 720. Suppose 353 = 4*w + y. Let x(r) = r**2 - 2. What is the remainder when w is divided by x(-4)?
11
Suppose z + 2 = 1. Let g = z - 8. Calculate the remainder when ((-6)/g)/((-2)/(-33)) is divided by 6.
5
Let n = -2 + -1. Calculate the remainder when 52 is divided by 18 + (-1)/n*0.
16
Suppose 36 = -z + 3*z. What is the remainder when 35 is divided by z?
17
Suppose 3*w - 7*w = 236. Let q = w - -100. What is the remainder when q is divided by 21?
20
Let f(s) = 2*s - 13. What is the remainder when 54 is divided by f(9)?
4
Suppose -101 = -4*p + 3*y, 0*y = p - 2*y - 24. What is the remainder when 100 is divided by p?
22
Suppose -2*o = 2*q - 64, 4*q + 3*o + 10 = 142. Let t = q + 3. Calculate the remainder when t is divided by 14.
11
Let m(x) = -x**3 - 4*x**2 - 5*x